ctor of 7 and d.
7
Let y = -96 + 101. Let z(c) = 4*c**2 - c - 57. Let u be z(y). Calculate the greatest common factor of u and 304.
38
Let y(w) = w**2 - 11*w + 5. Let f be y(16). Let j = 180 - f. Suppose 0 = 4*o - j - 45. Calculate the highest common divisor of o and 35.
35
Suppose 3*g - 5*d = 2355, -2*g + 9*d - 2*d = -1581. What is the greatest common factor of 24 and g?
12
Suppose -35*w - 40 = -30*w. Let t be (-96)/w - (-4 - (-5 - -2)). What is the highest common divisor of t and 1?
1
Let o be ((-8)/(-14)*1)/((-18)/(-63)). Let l = 8 + -22. Let s(f) = f**3 + 15*f**2 + 15*f + 19. Let a be s(l). What is the highest common divisor of o and a?
1
Suppose 2*k + 185 = 3*z, 289*z + 307 = 294*z - 4*k. What is the greatest common factor of 2538 and z?
9
Let w(v) be the second derivative of -7*v**2 + 11/3*v**3 + 0 - 16*v. Let c be w(8). What is the highest common divisor of c and 18?
18
Suppose -82 = -3*m + 2*p, -4*m = 4*p - 53 - 63. Suppose -165 - 123 = -36*j. Calculate the highest common divisor of j and m.
4
Let l(v) = 5*v - 17. Let x(c) = 2*c + 1. Let b(h) = -3*l(h) + 6*x(h). Let n be b(14). Calculate the highest common factor of n and 15.
15
Let d = 44 + 48. Let g be ((-3)/2)/((-2)/d). Let z be (2 - 3) + g/3. Calculate the greatest common factor of z and 2.
2
Let b = 5 - 4. Let u = b - -6. Let n(x) = -62*x + 249. Let y be n(3). Calculate the greatest common divisor of y and u.
7
Let c = 58 + -46. Suppose c*o + 105 = 19*o. Calculate the highest common factor of o and 3.
3
Suppose -414 = -2*x - 7*x. Calculate the greatest common factor of 8119 and x.
23
Let g(t) = 84*t**2 + 27*t - 100. Let l be g(4). What is the greatest common factor of l and 64?
8
Let r(j) = 2*j**2 - 7*j + 22. Let p = 35 + -32. Suppose 4*d = p*q + 51, -6*q - 25 = -q. Let y be r(d). What is the greatest common divisor of y and 11?
11
Suppose 5*x - 3*f - 796 - 1864 = 0, 5*x + 3*f - 2630 = 0. Calculate the greatest common divisor of 276 and x.
23
Suppose 109*c + 27250 - 98209 = 0. What is the highest common divisor of c and 93?
93
Let y(o) = o**2 + 15*o - 32. Let r be y(2). Let b be r - (8 + -2 + -158). What is the greatest common divisor of 28 and b?
14
Let u(l) = 15*l - 924. Let d be u(72). Calculate the highest common factor of d and 585.
39
Let w(m) = 5*m - 75. Let d be w(15). Let q(f) = 20*f + 203. Let z be q(d). What is the greatest common divisor of 29 and z?
29
Suppose 5*g - 136 = i, 5*i - 5*g = 3*i - 252. Suppose -13*s + 2028 = 28*s - 54*s. Let z = i - s. Calculate the highest common divisor of z and 4.
4
Suppose 0 = -5*h - 3*n - 1588, 5*h - 109 + 1696 = -2*n. Let t = h - -371. What is the greatest common factor of 54 and t?
54
Let o = -8165 - -11079. What is the highest common factor of 124 and o?
62
Suppose -4*n = 2*t - 9*n - 73, -2*t = -3*n - 63. Let y be (-13000)/(-35) + (3424/896 - 26/8). What is the greatest common factor of t and y?
12
Let c = 325 + -295. Suppose -c*n - 30 = -v - 33*n, 2*v = -2*n + 64. Calculate the greatest common factor of v and 121.
11
Suppose -3*a - 8*i + 325 = -3*i, 0 = -5*a + 5*i + 475. Let u be (6/2)/(3/(-75)). Let m = u + a. Calculate the highest common factor of m and 5.
5
Let o be (0 - (-1 - -2))*-10. Let u(d) = -7*d - 8 + 0*d + 17*d**2 + 17*d. Let q be u(2). Calculate the greatest common factor of q and o.
10
Suppose 0 = -5*l - j + 21, 2*j = 2*l - 7*l + 17. Suppose -4*c + l = -11. Let k be c/(-16) + -61*51/(-12). Calculate the highest common divisor of k and 37.
37
Suppose -96*c + 7388 = -233188. What is the highest common factor of 56 and c?
14
Let g(f) = -f**2 - 5*f - 8. Let q be g(6). Let w = q + 128. Let y = w + -45. Calculate the greatest common divisor of y and 90.
9
Let a = -37 - -67. Suppose 7*p = 4*p + a. Suppose -11*f + 45 = -2*f. What is the highest common divisor of p and f?
5
Suppose -49*z + 187889 - 21018 = -85773. Calculate the highest common divisor of z and 4.
4
Let r(p) = 767*p - 68. Let t be r(7). What is the greatest common factor of t and 19?
19
Let h be 2219/203 + 6/87. What is the greatest common divisor of 253 and h?
11
Let u(o) = 339*o + 14. Let p be u(3). Let y be 12/72 - p/(-6). Suppose 5*d + 3*a - y = 808, 3*d + 4*a = 588. Calculate the highest common divisor of 14 and d.
14
Let c be 2/1*(-48848)/(-24) + 5/15. What is the greatest common divisor of c and 6?
3
Let p(c) = -c**2 - 17*c - 63. Let r be p(-9). Suppose 14*j = r*j + 150. Let n be (-5)/(-7 + 2)*10. Calculate the greatest common divisor of j and n.
10
Suppose 285*j - 3185 = 13630. Calculate the greatest common divisor of j and 11269.
59
Let m = 10967 - 10937. Calculate the greatest common divisor of m and 960.
30
Let j be (52/3)/(-13) - 8/(-6). Suppose -23*i - 30*i + 848 = j. What is the highest common factor of 112 and i?
16
Let y be 4 + (-12 - 11) + 31. What is the greatest common factor of y and 3324?
12
Let l(x) = 5*x - 13. Let m be l(3). Let d(r) = 11*r**m + 4 - 7*r + 79*r**3 - 166*r**3 + 86*r**3. Let w be d(5). Calculate the greatest common factor of 7 and w.
7
Suppose 4*r - 5989 - 1151 = -4*t, 4*r - 5358 = -3*t. What is the greatest common divisor of t and 1122?
66
Suppose -4 = -4*t, 4*t - 48 - 101 = -k. Calculate the greatest common divisor of 55 and k.
5
Let u be (6/(-1))/(8 + -7) + 1. Let a be (u/(-10))/((-6)/(-8))*-3. Let r be (a + 1)*(-13 - 4). Calculate the highest common divisor of 51 and r.
17
Let g = 18655 - 17753. Calculate the highest common divisor of g and 1968.
82
Suppose 45*u - 15*u = 38250. Calculate the highest common factor of 357 and u.
51
Let w(g) = -47 + 4*g + g + 13*g - g**2. Let y be w(7). What is the greatest common divisor of 480 and y?
30
Let u(t) = 5*t - 75. Let b be u(-7). Let y = b + 227. Let s(k) = 13*k. Let r be s(1). What is the highest common divisor of r and y?
13
Let g(h) be the third derivative of h**4/6 - 37*h**3/6 - 4*h**2. Let i be g(12). Let s be 1*127 - (7 + -1). Calculate the greatest common factor of s and i.
11
Suppose 2*w = 5*p - 48, 3*p + 25*w = 23*w + 32. Calculate the greatest common factor of p and 3590.
10
Suppose 7*c + 41*c - 19592 - 85048 = 0. What is the highest common divisor of c and 40?
20
Suppose 4*x - 540 = 3*m - m, 0 = x + 2*m - 135. Let j = 267 - x. Suppose 20*k + j = 23*k. Calculate the greatest common divisor of k and 4.
4
Suppose 9938 = -14*a + 1608. Let u be 3/((-3)/1) - a/17. Calculate the highest common divisor of 493 and u.
17
Let n = 323 + -203. Let o be ((-18)/12)/((-4)/n). Calculate the highest common factor of 405 and o.
45
Let r(p) = -2*p**2 - 7*p. Let h be r(-7). Let q = 59 + h. Suppose q*y - 14 = 166. What is the highest common factor of 2 and y?
2
Suppose 151*c - 707390 = 50*c + 4153134. Calculate the greatest common factor of c and 212.
212
Let w = 513 - 340. Let c be 3 - 3 - (3 - w)/2. Calculate the greatest common factor of 17 and c.
17
Let f = -277 - -277. Suppose 0 = -4*a + 4*u + 28, -5*a = -f*a + 2*u - 56. Calculate the highest common factor of 2 and a.
2
Suppose -89*j + 99*j = 700. Suppose -6*i - 49 = -13*i. Calculate the highest common factor of i and j.
7
Suppose 1861*w = 1885*w - 151728. Calculate the highest common factor of w and 290.
58
Suppose 5*h - 7461 = 2*u, 0 = 4*h + 4*u - 3*u - 5961. Let i be (-1)/(-20)*-5 + h/12. What is the greatest common divisor of 155 and i?
31
Suppose 447 = 5*o - 183. What is the greatest common divisor of o and 840?
42
Let z = -174 + 439. Let s = -263 + z. Calculate the greatest common divisor of s and 26.
2
Suppose -15 = 85*c - 86*c. Suppose w - 117 = -2*m, 0 = 3*m + 5*w - 180 + 15. What is the highest common divisor of c and m?
15
Let p(l) = -13*l + 123. Let q be p(0). Suppose -q*s + 129*s - 96 = 0. What is the greatest common factor of 56 and s?
8
Let k(d) = -70*d**3 + 3*d**2 + 4*d + 4. Let t be k(-1). What is the greatest common factor of 9 and t?
1
Suppose -259 = -9*r + 5*r + 5*n, 0 = 4*r + 4*n - 268. Let u(k) = k**3 + 16*k**2 + 15*k - 26. Let i be u(-13). What is the highest common divisor of i and r?
22
Suppose u - 374 = -2082*a + 2077*a, 3*a = -15. Let r be (-2 - 0)/((-2)/21). What is the greatest common divisor of r and u?
21
Suppose 0 = 4*c - 5*c + 162. Let b be c - 2*10/5. Suppose -120 = -3*f + d, -4*f = 4*d - b - 2. Calculate the highest common factor of 16 and f.
8
Suppose 6*c = -549 + 591. Suppose 111 = c*r - 309. C